 Is (b + (-158)/(-2))/1 a multiple of 23?
False
Suppose -462 = -l + 15. Is l a multiple of 9?
True
Suppose 5*z = -3*s + 8*s + 1135, -3*z - 3*s = -711. Is z a multiple of 4?
True
Let z be 93/(3 - 0)*(2 + -1). Suppose -2*b = -x - 77, -x = -0*b + b - z. Does 17 divide b?
False
Suppose -2*v - 216 = 4*b - 5922, 2*b - 2833 = -5*v. Is 47 a factor of b?
False
Let s(q) = q + 12. Let n be s(-10). Suppose n*d - 34 - 2 = 0. Is 169/2 + d/12 a multiple of 24?
False
Let s be -2 + (-3 - -6) + 25. Suppose 0 = -4*n + s - 2. Suppose n*r + 36 = 132. Does 15 divide r?
False
Suppose 3*r - 2*r = 2. Suppose 0 = 4*d + r*l + 3*l - 169, 0 = d - 4*l - 58. Suppose 0 = -2*x + 10, 79 + d = 3*u - 5*x. Is 13 a factor of u?
False
Suppose -2*c = -3042 + 2270. Is c a multiple of 17?
False
Suppose 0 = 3*q + 4*o - 8, 0*o = 5*q - 3*o + 6. Suppose 5*i - 310 - 355 = q. Is i a multiple of 31?
False
Let a = -128 - -210. Does 8 divide a?
False
Let i(t) = 4*t + t**2 + 8 - 3*t + 5*t. Suppose 4*c + 4 = -28. Is 6 a factor of i(c)?
True
Suppose 12 = 5*o - 6*y + 2*y, -2*o + y = -6. Suppose -v + n = -o, 0*v + 5*v - n - 36 = 0. Is 8 a factor of v?
True
Let g = -72 + 60. Does 23 divide g/(-16)*8/3 + 117?
False
Let u(j) = j**3 + j - 19. Let b be u(0). Let t = b - -70. Let q = -21 + t. Is q a multiple of 10?
True
Suppose 15*t - 82 = 12*t - 5*j, 3*j = 15. Does 9 divide t?
False
Let v(p) = -p**3 + 7*p**2 + 13*p - 18. Let i be v(8). Suppose -5*j = -i - 168. Is j a multiple of 19?
True
Is (-124080)/(-44)*(-3 + (-14)/(-4)) a multiple of 15?
True
Let n be (-1)/((-12)/(-15) - 1). Suppose 5*k - 23 = 3*o, -o = -n*o - k. Is (156/(-20))/(o/5) a multiple of 16?
False
Let t(h) = -2 - 5*h**3 - 9*h + 7*h + 0*h**3. Does 11 divide t(-2)?
False
Suppose 2556 = 38*r - 33*r + 3*s, -2*r + 1030 = 5*s. Is 15 a factor of r?
True
Let h(a) = 54*a**2 + 61*a - 5. Does 30 divide h(5)?
True
Suppose 488 = -7*p + 2147. Is p a multiple of 45?
False
Suppose 4*i + 0*y = 2*y + 1108, -3*y = 5*i - 1385. Suppose 2*a - 1003 = -i. Suppose 0 = 7*c - a - 197. Is c a multiple of 9?
False
Let z(i) = 1051*i**3 - i**2. Is z(1) a multiple of 30?
True
Let f(m) = -16*m - 1. Let s be f(-2). Suppose -3*o + 23 = -s. Is 8 a factor of 1/(-3) + 600/o?
False
Does 50 divide -4 + (-34)/(-10) + (-3318)/(-5)?
False
Let p(w) = 10*w**2 - 3*w - 1. Let z be (-9)/(180/(-8))*10. Suppose 3*x - 7*x + 12 = z*a, 5*x - 15 = 3*a. Is 20 a factor of p(x)?
True
Let y be (1 - -4) + 0/(-5). Suppose -3*f = 5*s - 5 + 2, y*s = 4*f + 31. Is 4 a factor of 274/18 - f/(-18)?
False
Suppose 0 = 17*c - 18*c + 198. Does 9 divide c?
True
Let h(p) = p. Let g(c) = -5*c + 8. Let x(b) = g(b) + 2*h(b). Let r be x(4). Let i = r - -66. Does 12 divide i?
False
Suppose 81*d = -63*d + 223920. Does 40 divide d?
False
Let x be (-1)/(5 + (-4 - 0)). Let z(p) = -72*p**3 + p**2 - 1. Does 12 divide z(x)?
True
Suppose 31 = 3*s - 4*v, 0*s - 2*v + 17 = s. Let z(a) = a**3 + 11*a**2 + 13. Let p be z(-11). Is 236/p - 2/s a multiple of 8?
False
Let h = -14 - -49. Does 24 divide (h + -11)*(0 + 1)?
True
Let a(j) = 3*j**2 - j - 3. Let s be a(2). Let p = 12 - s. Suppose 4*g = g - 3*c + 51, 83 = p*g + 3*c. Is 16 a factor of g?
True
Suppose -5*w = -10*w - 20. Is w/6*603/(-6) + 3 a multiple of 14?
True
Suppose -z + 440 = 2*c, 5*z = 8*c - 10*c + 2232. Does 8 divide z?
True
Let j(f) = 3*f + 3. Let g be j(0). Let i be g + ((-15)/(-5) - 2). Suppose -i*m + 1 = -19. Is 3 a factor of m?
False
Suppose -9*z + 757 - 127 = 0. Suppose 13*t - z = 11*t. Is 10 a factor of t?
False
Let u(r) = -2*r**2 + 62*r + 12. Is u(25) a multiple of 20?
False
Let d = -44 - -29. Let c = 115 + d. Does 25 divide c?
True
Suppose 4*w = 2*x - 300, 0*x - 4*w - 600 = -4*x. Does 16 divide x?
False
Let u = 2199 + -1111. Is u a multiple of 17?
True
Let d be (15/(-21))/(2/(-14)). Suppose d*h - 5*i = 605 + 15, -2*i = -4*h + 506. Let v = h - 67. Does 31 divide v?
True
Does 26 divide (0 - 2) + 4 + -4 + 95?
False
Suppose 7*y - 5*y = a - 50, -y + 272 = 5*a. Does 6 divide a?
True
Suppose 0 = -6*f + 4*f + 548. Let r = f + -174. Is r a multiple of 18?
False
Let c be 3*(-7)/((-42)/(-292)). Is 5 a factor of c/(-10) + (-12)/(-30)?
True
Suppose -3*u - 4*v + 17 = -70, -5*v - 15 = 0. Is 14 a factor of u?
False
Let c(a) = -40*a**2 - 3*a - 3. Let m be c(-1). Let l = m - -133. Is l a multiple of 10?
False
Does 28 divide 86/(-1118) + (-5461)/(-13)?
True
Let w(t) = 4*t**2 - 3*t**2 - 3*t + 3*t**2 - 21. Is 23 a factor of w(8)?
False
Let a be 2 - (0 - -1)*0. Let p = 256 + -229. Suppose -4*t + a*v + 66 = 0, t - 2*t = 3*v - p. Is 9 a factor of t?
True
Suppose 0 = -p - 4, -1044 = -2*r - p - 3*p. Suppose -v + 4*d + 80 = -31, 0 = 5*v + 5*d - r. Is v a multiple of 21?
False
Let t(l) = l**3 - 4*l**2 + 6*l + 5. Suppose 2*m - 5*u = 11, m + u + 3*u - 12 = 0. Let v be t(m). Suppose 5*g + 24 = v. Does 20 divide g?
False
Let m(l) = 6*l**2 - 35*l + 220. Does 46 divide m(10)?
False
Let r be (-18)/(-45) + (-638)/(-20)*4. Let u = r - 110. Does 18 divide u?
True
Suppose 5*q - 7072 = 2*n, -1453 - 2791 = -3*q + n. Is q a multiple of 59?
True
Let v(h) = 72*h - 278 + 278. Is 24 a factor of v(3)?
True
Suppose 4*x + 4 = 6*x. Suppose 0 = -x*o + 3 - 7. Is 12 a factor of (-3047)/(-44) - o/(-8)?
False
Suppose -1 = 5*u - 21. Does 12 divide u/(-26) + (-1784)/(-104)?
False
Suppose 0 = 5*p + 2*x - 18, 4*p - 5*x = -8*x + 13. Is 31 a factor of 2 - (p + 88/(-2))?
False
Suppose 2*u = 3*k - 21, 4*u - 51 = 8*u + 3*k. Let l(s) = -s**2 - 13*s + 10. Is 7 a factor of l(u)?
False
Suppose 5*n = -5*z + 2630, 0 = 5*z + 3*n - n - 2624. Is 11 a factor of z?
False
Let h = -19 + -126. Let q = -52 - h. Does 8 divide q*3*1/9?
False
Let v = 66 - 62. Suppose -11 - 9 = 4*b, v*b = z - 34. Does 7 divide z?
True
Let l be 2 + -2 + (6 - -14). Is (-2)/(l/6) + 1176/10 a multiple of 13?
True
Suppose 5*t - 3*t - 32 = 2*z, 3*z = -3*t + 48. Let b = t + -14. Is b*6/(-8)*-4 a multiple of 3?
True
Let x be 5/4*(-12)/(-3). Does 4 divide (-3)/x - 1116/(-60)?
False
Suppose 24*q - 3363 = -723. Is q a multiple of 12?
False
Suppose 0*q = -5*q + 20, 2*b - 2*q = 76. Let k be (-2 - -9)*12/b. Suppose 3*s - 36 = -k*c, s - 28 = -4*c - 6. Does 10 divide s?
True
Let r = -176 - -92. Let q = -45 - r. Does 3 divide q?
True
Suppose w = 4, 6*u - 10*u - 4*w + 420 = 0. Is u a multiple of 9?
False
Let c(d) be the third derivative of -13*d**4/24 - 35*d**3/6 + 9*d**2. Is c(-8) a multiple of 7?
False
Suppose 3685 = -30*l + 41*l. Is 19 a factor of l?
False
Suppose -4*x + 5*x - 7 = 5*b, 4*b = 5*x + 7. Let c(i) = 3*i**2 + 2*i + 2. Let s be c(x). Let u = s - -18. Is u a multiple of 23?
False
Let q = 46 + -45. Let p = q - -6. Is p a multiple of 6?
False
Let p = 131 - 127. Let s(w) = -2*w + 4. Let l be s(-4). Suppose -p*d = -0*d - l. Is d a multiple of 2?
False
Let f(k) be the third derivative of k**7/1680 + k**6/80 - k**5/30 + k**2. Let j(g) be the third derivative of f(g). Does 12 divide j(13)?
True
Suppose 0 = o + 2*o + 66. Suppose 4*k = 86 + 158. Let n = k + o. Is n a multiple of 13?
True
Is 33 a factor of (-10)/145 + 1304449/841?
True
Let a(n) = -n**2 - 49*n - 176. Is 8 a factor of a(-17)?
True
Suppose -11*t = 5*t - 6000. Is 15 a factor of t?
True
Suppose 8 = -3*g - 1. Let s be (-8 + -1)/g - 60. Is 19 a factor of s*(-4)/6 - 0?
True
Let v be (2/((-16)/(-6)))/(23/92). Suppose -v*p + 2*l + 427 = 0, -l + 0 + 1 = 0. Does 22 divide p?
False
Let f(p) be the third derivative of -p**6/120 + 2*p**5/15 + 5*p**4/12 - p**3/6 + 6*p**2. Is f(8) a multiple of 30?
False
Let t = -169 + 163. Let m = 6 - -5. Let w = t + m. Is 5 a factor of w?
True
Suppose 4*l + 0*j = j + 1094, -2*l = -5*j - 556. Is l a multiple of 13?
True
Suppose 0 = 2*o - o + 3*z - 143, -4*z + 8 = 0. Let a = o + -303. Let x = -115 - a. Does 17 divide x?
True
Let q(r) = 20*r**2 + r - 3. Let t = 50 - 48. Is q(t) a multiple of 14?
False
Let i = 1826 - 1286. Is 90 a factor of i?
True
Suppose 7*o = 2*o + 175. Let g = -24 + o. Is g a multiple of 9?
False
Suppose 8*w + w = 6093. Does 46 divide w?
False
Suppose -y - 4*k = k - 6, 4*k = y + 12. Let p(s) = 41*s + 9. Let w(l) = -20*l - 5. Let o(b) = 2*p(b) + 5*w(b). Does 13 divide o(y)?
True
Let m(j) = -j**2 - 9*j - 3. Let i be 304/57*(-3)/2. Let h be m(i). Suppose 3*x = -x + 5*l + 212, -h*x + 3*l = -252. Is 12 a factor of x?
True
Let y(i) = 0*i**2 + 0*i - 2*i**2 + 12 - 9 + i. Let 